by 26.
16
What is the remainder when 1278 is divided by 905?
373
What is the remainder when 41545 is divided by 5188?
41
Calculate the remainder when 16643 is divided by 2080.
3
What is the remainder when 338690 is divided by 37631?
11
Calculate the remainder when 57114 is divided by 114.
0
What is the remainder when 16127 is divided by 252?
251
Calculate the remainder when 32181 is divided by 362.
325
Calculate the remainder when 627 is divided by 449.
178
Calculate the remainder when 103065 is divided by 12.
9
Calculate the remainder when 1748044 is divided by 1219.
1217
Calculate the remainder when 688 is divided by 660.
28
Calculate the remainder when 2334 is divided by 771.
21
What is the remainder when 950 is divided by 865?
85
What is the remainder when 2957 is divided by 51?
50
What is the remainder when 112124 is divided by 29?
10
Calculate the remainder when 5787 is divided by 245.
152
Calculate the remainder when 45367 is divided by 8.
7
Calculate the remainder when 66940 is divided by 66885.
55
What is the remainder when 57399 is divided by 52?
43
What is the remainder when 28182 is divided by 87?
81
What is the remainder when 1187181 is divided by 16?
13
Calculate the remainder when 8299 is divided by 491.
443
Calculate the remainder when 4428 is divided by 48.
12
Calculate the remainder when 896 is divided by 635.
261
What is the remainder when 5174 is divided by 185?
179
Calculate the remainder when 34581 is divided by 11479.
144
Calculate the remainder when 14197 is divided by 568.
565
Calculate the remainder when 632235 is divided by 14.
9
What is the remainder when 15983 is divided by 144?
143
Calculate the remainder when 3477013 is divided by 2018.
2017
Calculate the remainder when 1832 is divided by 235.
187
Calculate the remainder when 5057 is divided by 1421.
794
What is the remainder when 2148 is divided by 241?
220
What is the remainder when 1714 is divided by 21?
13
Calculate the remainder when 70859 is divided by 12.
11
Calculate the remainder when 3432 is divided by 98.
2
Calculate the remainder when 7970 is divided by 192.
98
What is the remainder when 192429 is divided by 37?
29
What is the remainder when 37636 is divided by 724?
712
Calculate the remainder when 7260 is divided by 12.
0
What is the remainder when 13716 is divided by 16?
4
What is the remainder when 435 is divided by 17?
10
Calculate the remainder when 11913 is divided by 11897.
16
What is the remainder when 47233 is divided by 226?
225
What is the remainder when 11836 is divided by 5901?
34
What is the remainder when 71346 is divided by 35666?
14
What is the remainder when 27775 is divided by 441?
433
What is the remainder when 2118 is divided by 204?
78
What is the remainder when 8222 is divided by 1424?
1102
Calculate the remainder when 20095197 is divided by 50.
47
What is the remainder when 59383 is divided by 21?
16
What is the remainder when 1072961 is divided by 1323?
8
What is the remainder when 7880 is divided by 367?
173
Calculate the remainder when 19948 is divided by 712.
12
What is the remainder when 4650 is divided by 22?
8
What is the remainder when 114915 is divided by 37?
30
Calculate the remainder when 74237 is divided by 36.
5
Calculate the remainder when 38417 is divided by 29.
21
Calculate the remainder when 21486 is divided by 1173.
372
What is the remainder when 11976 is divided by 684?
348
What is the remainder when 19918 is divided by 625?
543
Calculate the remainder when 98745 is divided by 130.
75
What is the remainder when 56287 is divided by 1481?
9
What is the remainder when 10445 is divided by 177?
2
Calculate the remainder when 4911455 is divided by 12.
11
What is the remainder when 31015 is divided by 8?
7
What is the remainder when 99806 is divided by 2433?
53
Calculate the remainder when 3951 is divided by 18.
9
What is the remainder when 225924 is divided by 112902?
120
What is the remainder when 4834 is divided by 8?
2
Calculate the remainder when 51677 is divided by 198.
197
Calculate the remainder when 2839 is divided by 1410.
19
What is the remainder when 2181 is divided by 374?
311
What is the remainder when 5004 is divided by 1000?
4
What is the remainder when 13914 is divided by 2315?
24
What is the remainder when 2498 is divided by 55?
23
What is the remainder when 1732 is divided by 115?
7
What is the remainder when 409 is divided by 167?
75
What is the remainder when 425619 is divided by 212803?
13
Calculate the remainder when 25232 is divided by 8268.
428
What is the remainder when 26329 is divided by 116?
113
What is the remainder when 8367623 is divided by 24?
23
Calculate the remainder when 2709 is divided by 265.
59
What is the remainder when 614 is divided by 30?
14
Calculate the remainder when 186793 is divided by 46697.
5
Calculate the remainder when 19007 is divided by 18915.
92
Calculate the remainder when 7029 is divided by 66.
33
Calculate the remainder when 2491 is divided by 500.
491
What is the remainder when 82744 is divided by 604?
600
What is the remainder when 9942658 is divided by 1821?
1819
Calculate the remainder when 29999 is divided by 5966.
169
What is the remainder when 2522 is divided by 441?
317
What is the remainder when 398330 is divided by 27?
26
Calculate the remainder when 44710 is divided by 4064.
6
Calculate the remainder when 2637 is divided by 560.
397
Calculate the remainder when 11441 is divided by 263.
132
Calculate the remainder when 1126 is divided by 65.
21
What is the remainder when 3778027 is divided by 459?
457
Calculate the remainder when 30542 is divided by 15271.
0
What is the remainder when 9517 is divided by 208?
157
Calculate the remainder when 560327 is divided by 383.
381
Calculate the remainder when 1180088 is divided by 51.
50
Calculate the remainder when 1087721 is divided by 5.
1
Calculate the remainder when 14261 is divided by 123.
116
Calculate the remainder when 109195 is divided by 2951.
8
Calculate the remainder when 53003 is divided by 29.
20
What is the remainder when 153910 is divided by 88?
86
Calculate the remainder when 198699 is divided by 50.
49
What is the remainder when 17139 is divided by 17112?
27
What is the remainder when 320779 is divided by 6825?
4
What is the remainder when 429330 is divided by 402?
396
Calculate the remainder when 746202 is divided by 29848.
2
Calculate the remainder when 686751 is divided by 2360.
2351
What is the remainder when 4946 is divided by 708?
698
What is the remainder when 374656 is divided by 11?
7
Calculate the remainder when 3032 is divided by 1504.
24
Calculate the remainder when 6567 is divided by 3280.
7
What is the remainder when 688 is divided by 31?
6
Calculate the remainder when 48851 is divided by 49.
47
What is the remainder when 10657 is divided by 50?
7
Calculate the remainder when 15036 is divided by 15017.
19
Calculate the remainder when 1622 is divided by 1587.
35
Calculate the remainder when 9174 is divided by 9158.
16
Calculate the remainder when 149485 is divided by 133.
126
Calculate the remainder when 8236 is divided by 91.
46
What is the remainder when 626151 is divided by 41?
40
What is the remainder when 203055 is divided by 1216?
1199
What is the remainder when 25534 is divided by 3646?
12
Calculate the remainder when 8789 is divided by 1755.
14
Calculate the remainder when 273 is divided by 262.
11
Calculate the remainder when 73658 is divided by 35.
18
What is the remainder when 595 is divided by 279?
37
What is the remainder when 2200 is divided by 277?
261
Calculate the remainder when 15210 is divided by 131.
14
Calculate the remainder when 48538 is divided by 365.
358
What is the remainder when 187262 is divided by 55?
42
What is the remainder when 351 is divided by 111?
18
What is the remainder when 9955 is divided by 181?
0
Calculate the remainder when 33927 is divided by 6774.
57
What is the remainder when 13831 is divided by 152?
151
Calculate the remainder when 348200 is divided by 29.
26
What is the remainder when 9712 is divided by 1172?
336
Calculate the remainder when 9989 is divided by 2497.
1
What is the remainder when 2129 is divided by 684?
77
Calculate the remainder when 3281 is divided by 577.
396
Calculate the remainder when 2058 is divided by 8